MONTHLY CLIMATOLOGICAL SUMMARY for JAN. 2019

NAME: MeteoGardolo   CITY: Trento STATE: Italy
ELEV: 202 LAT: 46:06:42 N LONG: 11:06:33 E

                            TEMPERATURE ( C), RAIN (mm), WIND SPEED (kmh)

                                               HEAT     COOL           AVG
      MEAN                                     DEG      DEG            WIND                       DOM
DAY   TEMP    HIGH   TIME     LOW    TIME      DAYS     DAYS    RAIN   SPEED    HIGH    TIME      DIR
----------------------------------------------------------------------------------------------------------------------------------------------------------
01    00.9    07.7   13:37   -02.5   23:56     17.4     00.0    00.0   01.5     16.6    14:13     WNW
02    03.1    10.6   13:14   -03.6   03:18     15.2     00.0    00.0   07.0     61.0    23:46     NNW
03    03.3    08.2   13:09   -02.5   23:57     15.0     00.0    00.0   10.1     51.8    10:53      NW
04    00.8    08.8   15:03   -05.1   06:52     17.5     00.0    00.0   03.7     27.8    15:30      NW
05    02.9    11.4   17:34   -05.2   07:52     15.4     00.0    00.0   06.9     59.2    20:07      NW
06    07.1    15.3   13:48   -00.8   08:21     11.2     00.0    00.0   05.5     57.4    14:45      NW
07    04.1    12.4   12:48   -01.0   00:00     14.2     00.0    00.0   03.7     22.2    13:48      SE
08   -00.1    04.9   13:59   -02.7   03:50     18.4     00.0    00.0   01.5     12.9    23:42     SSE
09    02.6    08.9   13:32   -03.6   04:47     15.7     00.0    00.0   07.3     42.5    20:02      NW
10    05.9    09.6   14:35    02.8   06:14     12.4     00.0    00.0   11.0     46.3    14:15      NW
11    03.1    08.3   13:47   -02.6   07:01     15.2     00.0    00.0   06.0     38.9    00:26      NW
12   -00.3    04.2   14:58   -03.5   06:53     18.6     00.0    00.0   01.4     16.6    15:35      NW
13    02.3    10.3   14:04   -03.6   03:48     16.0     00.0    00.0   03.7     18.5    18:02      SE
14    06.3    13.5   13:38    00.1   01:28     12.0     00.0    00.0   08.2     48.1    12:12      NW
15    04.2    12.4   13:45   -01.4   00:00     14.1     00.0    00.0   03.9     31.4    06:39      NW
16    01.7    08.2   13:38   -03.5   07:52     16.6     00.0    00.0   02.6     22.2    12:12      NW
17    03.2    04.0   16:28    02.3   05:21     15.1     00.0    00.2   01.9     12.9    10:16     NNW
18    04.9    11.1   13:50    01.0   06:38     13.4     00.0    01.0   06.6     37.0    13:58      NW
19    02.5    05.6   14:34   -02.3   23:49     15.8     00.0    00.0   03.3     20.4    11:33     NNW
20   -01.0    05.4   13:48   -05.1   06:56     19.3     00.0    00.0   03.7     18.5    12:29      NW
----------------------------------------------------------------------------------------------------------------------------------------------------------
02.9 (3.5)   15.3  day 06    -05.2  day 05   308.6    000.0   001.1   05.0     61.1   day 05      NW
Min <=   0: 16
Min <=  -5: 3
Max Rain: 1.0 ON 18-01-19
Days of Rain: 1 (> .2mm) 0 (> 2mm) 0 (> 20mm)