MONTHLY CLIMATOLOGICAL SUMMARY for JUN. 2019

NAME: MeteoGardolo   CITY: Trento STATE: Italy
ELEV: 202 LAT: 46:06:42 N LONG: 11:06:33 E

                            TEMPERATURE ( C), RAIN (mm), WIND SPEED (kmh)

                                               HEAT     COOL           AVG
      MEAN                                     DEG      DEG            WIND                       DOM
DAY   TEMP    HIGH   TIME     LOW    TIME      DAYS     DAYS    RAIN   SPEED    HIGH    TIME      DIR
----------------------------------------------------------------------------------------------------------------------------------------------------------
01    19.5    28.9   14:14    10.5   06:21     00.0     01.2    00.0   04.7     42.5    19:41     WSW
02    21.6    30.5   14:05    13.4   06:30     00.0     03.3    00.0   05.8     37.0    18:38      W 
03    22.9    31.2   13:58    15.6   05:10     00.0     04.6    00.0   04.6     35.1    18:15     WSW
04    22.5    31.3   13:55    15.5   06:41     00.0     04.2    00.2   04.6     33.3    15:35      NW
05    22.8    30.2   13:32    15.4   06:15     00.0     04.5    00.0   05.7     38.9    14:33      W 
06    21.2    25.8   17:59    16.8   06:16     00.0     02.9    00.2   04.8     40.7    12:44     SSE
07    21.1    27.5   15:15    13.7   05:53     00.0     02.8    00.0   04.6     48.1    19:09      S 
08    23.4    28.8   15:53    17.1   06:15     00.0     05.1    00.0   04.4     37.0    17:54      SW
09    21.9    28.3   15:55    14.6   05:17     00.0     03.6    00.0   03.3     31.4    18:30      NW
10    22.9    30.0   15:17    19.0   05:55     00.0     04.6    00.0   05.3     33.3    12:26      NW
11    23.9    32.6   15:33    17.4   05:38     00.0     05.6    00.0   05.8     27.8    15:22      NW
12    25.0    31.3   14:34    18.9   07:04     00.0     06.7    00.0   06.3     31.4    17:01     ESE
13    23.7    30.5   15:58    16.3   05:42     00.0     05.4    00.0   04.9     37.0    14:26      SW
14    23.2    34.9   17:07    13.3   06:23     00.0     04.9    00.0   04.8     24.1    17:24     WNW
15    25.4    33.4   14:20    19.2   06:06     00.0     07.1    00.0   06.2     33.3    19:54      W 
16    25.3    33.6   14:22    17.7   06:05     00.0     07.0    00.0   06.8     31.4    14:21     WNW
----------------------------------------------------------------------------------------------------------------------------------------------------------
22.9 (23.2)   34.9  day 14     10.5  day 01   000.0    073.3   000.3   05.2     48.1   day 08      W 
Max >=  30: 11
Max Rain: 0.2 ON 4-06-19
Days of Rain: 0 (> .2mm) 0 (> 2mm) 0 (> 20mm)