MONTHLY CLIMATOLOGICAL SUMMARY for MAR. 2019

NAME: MeteoGardolo   CITY: Trento STATE: Italy
ELEV: 202 LAT: 46:06:42 N LONG: 11:06:33 E

                            TEMPERATURE ( C), RAIN (mm), WIND SPEED (kmh)

                                               HEAT     COOL           AVG
      MEAN                                     DEG      DEG            WIND                       DOM
DAY   TEMP    HIGH   TIME     LOW    TIME      DAYS     DAYS    RAIN   SPEED    HIGH    TIME      DIR
----------------------------------------------------------------------------------------------------------------------------------------------------------
01    06.8    13.8   16:46    01.0   06:43     11.5     00.0    00.0   02.1     18.5    12:14     NNW
02    08.9    18.7   15:01    00.6   04:46     09.4     00.0    00.0   04.1     29.6    17:52     WNW
03    08.7    18.2   14:50    00.7   06:40     09.6     00.0    00.0   04.1     29.6    16:01      NW
04    07.9    14.7   12:49    01.7   07:25     10.4     00.0    00.8   05.0     46.3    14:57     SSW
05    08.4    16.7   15:24    02.0   07:52     09.9     00.0    00.0   04.6     31.4    18:29     WNW
06    08.4    15.3   13:12    00.7   06:13     09.9     00.0    00.0   03.7     37.0    16:25     WSW
07    09.7    11.5   00:15    08.4   00:00     08.6     00.0    15.6   02.1     22.2    17:52      SE
08    11.1    16.2   14:42    06.7   23:59     07.2     00.0    01.1   03.3     29.6    16:50      W 
09    10.4    17.5   15:02    03.4   06:19     07.9     00.0    00.0   03.6     37.0    16:47      W 
10    10.5    16.5   14:12    03.6   06:25     07.8     00.0    00.0   04.5     44.4    15:35     WSW
11    09.1    17.6   11:57    03.3   23:04     09.2     00.0    00.0   11.0     70.3    12:38      NW
12    07.6    15.9   15:49   -00.5   06:15     10.7     00.0    00.0   04.7     31.4    18:15      NW
13    06.4    14.9   15:12   -00.4   07:11     11.9     00.0    00.0   04.9     31.4    18:00      NW
14    06.7    15.5   14:11   -00.8   06:45     11.6     00.0    00.0   03.4     31.4    15:26     WNW
15    11.3    19.8   15:59    05.5   06:19     07.0     00.0    00.0   09.2     46.3    11:42      NW
16    11.1    20.5   16:29    03.9   04:40     07.2     00.0    00.0   04.3     24.1    10:59     NNW
17    10.3    15.1   13:01    04.7   05:06     08.0     00.0    00.0   04.6     40.7    14:27     WSW
18    09.6    14.7   16:08    04.8   23:55     08.7     00.0    04.7   12.8     68.5    04:03      NW
19    08.4    16.2   14:44    02.4   06:35     09.9     00.0    00.0   08.6     37.0    18:15     WNW
20    07.5    16.9   14:55    00.4   05:49     10.8     00.0    00.0   04.1     37.0    17:06      W 
21    07.9    18.1   15:17   -00.2   06:12     10.4     00.0    00.0   03.9     31.4    17:09     WNW
22    10.2    21.4   14:41    01.2   06:21     08.1     00.0    00.0   04.9     29.6    17:21     WNW
23    12.4    24.0   15:06    03.4   06:36     05.9     00.0    00.0   05.2     31.4    17:29     WNW
24    13.8    24.3   14:27    05.1   06:50     04.5     00.0    00.0   05.7     40.7    16:48     WNW
25    14.0    23.8   13:53    05.3   06:54     04.3     00.0    00.0   13.1     74.0    18:43      NW
----------------------------------------------------------------------------------------------------------------------------------------------------------
09.5 (10.1)   24.3  day 24    -00.8  day 14   220.3    000.0   022.3   05.5     74.0   day 25     WNW
Min <=   0: 4
Max Rain: 15.6 ON 7-03-19
Days of Rain: 4 (> .2mm) 2 (> 2mm) 0 (> 20mm)